 = 64 - 27. Let u = -28 + a. Suppose u*o - 14*o = -255. List the prime factors of o.
3, 17
Let f be (-2)/(-6) + 1208/(-6). Let g = -63 - f. Suppose -5*y + 32 = -g. What are the prime factors of y?
2, 17
Let p = -4950 + 2396. What are the prime factors of (-1)/(-5) - (p/5 + -9)?
2, 5, 13
Let u(c) = -5*c**3 - 180*c**2 - 49*c + 118. List the prime factors of u(-38).
2, 5, 821
Let j = -728 + 468. List the prime factors of j/(-6)*(-180)/(-25).
2, 3, 13
List the prime factors of ((-74130)/3)/(21 + -23).
5, 7, 353
Let i = 6389 - 6386. Let j be (-4)/(-14) - (-1396)/14. Suppose -i*t - j = -8*t. List the prime factors of t.
2, 5
What are the prime factors of (-2)/4*4 + 11563 - (-10 - -3)?
2, 3, 241
Let o(g) be the third derivative of 17*g**5/20 - g**4/8 + g**3/3 - 4*g**2. Let s be o(1). What are the prime factors of 18/(-15)*-1*s/4?
3, 5
Let t = -662 - -1264. Let s = t - -80. List the prime factors of s.
2, 11, 31
Suppose -9*s - 3*p - 34619 = -10*s, 4*s - 2*p = 138436. What are the prime factors of s?
34607
Let k(o) be the first derivative of o**3/3 + 2*o**2 + 37*o - 45. List the prime factors of k(17).
2, 197
Let f = -11535 + 22488. List the prime factors of f.
3, 1217
Let a = 34132 + 23543. What are the prime factors of a?
3, 5, 769
Let i(n) = 5. Let s(x) = -113*x + 96. Let t(q) = 2*i(q) + s(q). List the prime factors of t(-9).
1123
Let f = -161 + 196. Let n = -19 - -90. Let h = n - f. What are the prime factors of h?
2, 3
Suppose 0 = 10*m - m - 3465. Suppose 4*b + 3*h = 5*b - m, 3*b - 3*h - 1125 = 0. What are the prime factors of b?
2, 5, 37
Let i = -8729 + 14867. Suppose 0 = -6*o + 10*o + 3*s - 6143, i = 4*o - 2*s. What are the prime factors of o?
5, 307
Let b = -1255 + 2237. Let a = 1418 - b. What are the prime factors of a?
2, 109
What are the prime factors of 12/(-2) + 10 + (10 - (-7 - 236))?
257
Suppose -3*q = -q - 24. Suppose 0 = -28*t + 40*t - 8640. Suppose -q*g = -2*g - t. What are the prime factors of g?
2, 3
Let i = -60266 - -86449. What are the prime factors of i?
26183
Suppose 2*y + 3*d - 113 = -3*y, -y = 4*d - 9. Suppose -2*l + 5*l - 9 = 0. Suppose -l*r + y + 188 = 0. List the prime factors of r.
71
Suppose -20 = -5*p - 0*p. Let s be (336/(-15))/p*-35. Suppose -s = -3*x - u, -2*x = -4*x + u + 129. List the prime factors of x.
5, 13
Let u = -491 - -344. Let w = -12 - u. What are the prime factors of w?
3, 5
List the prime factors of ((-66004)/6)/(6/9 + 52/(-39)).
29, 569
Let g(w) = 293*w**3 + 2*w**2 - w + 2. Let x be g(1). Suppose -2*c + 7*c + 3*u = x, 5*c - 314 = 3*u. What are the prime factors of c?
61
Let d be -4 - 2538/(-2 - 1). Suppose 3*q - d = 58. List the prime factors of (12/(-5))/((-10)/q).
2, 3
Suppose 81427 = 2*x - 3*l, x - 80*l + 85*l - 40694 = 0. List the prime factors of x.
40709
Let y(z) = 43*z + 252 + 233 - 664. List the prime factors of y(17).
2, 3, 23
Suppose 0 = -2*w + 9*w - 63. Suppose -5*j - 4*j = -w. What are the prime factors of ((-12320)/(-15))/8 + j/3?
103
Let m = 14 - 10. Suppose -m*b - 155 = 2*n + b, 5*n + 460 = 2*b. Let l = 225 + n. List the prime factors of l.
3, 5
Let d(h) = 144*h**2 - 274*h + 2504. What are the prime factors of d(9)?
2, 5851
Suppose -174156 - 13204 = -4*r. What are the prime factors of r?
2, 5, 1171
Suppose 2*u + 2404 = 3*n, 4*n - 2714 - 482 = -2*u. Suppose 0 = 2*c - 5*i - 1597, -3*c - 5*i - n = -3208. List the prime factors of c.
3, 89
Let m = 186 - 181. Suppose m*u - 3*v = 2022, 4*u - 7*u = -5*v - 1210. List the prime factors of u.
3, 5
Let a(b) = -3*b + 118. Let m be a(34). Suppose -623 = -k - m. What are the prime factors of k?
607
Suppose 14*x - 156272 = 9838. What are the prime factors of x?
3, 5, 7, 113
Suppose -4*x - 1388 = -5*v, 2*v - 556 = -0*v + 2*x. Suppose 5*s + 12*f = 7*f + 1440, v = s + 5*f. List the prime factors of s.
3, 97
Let k = -432 - -505. Suppose -9*d + 107 = -k. What are the prime factors of d?
2, 5
Let y(s) = -s**3 - s**2 + 9*s - 9. Let q(b) = -2*b - 7. Let i be q(-7). Let h be y(i). Let z = -155 - h. What are the prime factors of z?
3, 61
Let a = 94096 - 53058. What are the prime factors of a?
2, 17, 71
Let z = 2520 + -667. Let n = z - 1079. What are the prime factors of n?
2, 3, 43
Suppose 77714 = 643*c - 630*c. List the prime factors of c.
2, 7, 61
Let g = 32502 + -18245. What are the prime factors of g?
53, 269
Let r be ((-2)/3)/((-5)/(-270)*4). Let l(p) = 23*p - 24. Let k be l(r). What are the prime factors of k/22*(-56)/3?
2, 7
What are the prime factors of 1227780/240 - 2/(-6 + -2)?
2, 1279
Let l(n) = n**2 - 18*n + 36. Let k be l(16). Suppose -k*z = 2*r - 8, 0 = 4*r - 5*z - 0 - 3. Suppose -v + r = -67. What are the prime factors of v?
3, 23
Let i(j) = -4*j**2 - 41*j + 39. Let d(s) = 2*s**2. Let o(k) = 3*d(k) + i(k). What are the prime factors of o(26)?
5, 13
Let d = 365 - 361. Suppose -2*z = -5*r - 145, 291 = 4*z + d*r - 41. What are the prime factors of z?
2, 5
Let c be -1 - (0/6 + -3). Suppose -4*l + 111 = b, 0*l = -2*l + c*b + 48. List the prime factors of l.
3
Let n(k) = 3065*k**2 - 10*k - 4. What are the prime factors of n(-2)?
2, 3, 11, 31
Let j = 12513 - 5497. List the prime factors of j.
2, 877
Suppose -6*i - 2862 = 984. Let o = i + 1236. List the prime factors of o.
5, 7, 17
What are the prime factors of (-80638)/(-8) - ((-1617)/84 - -19)?
2, 3, 5, 7
Let y = -48 + 48. Suppose 0 = 4*n - 4, -4*w = -4*n - y*n - 84. Let a = -2 + w. What are the prime factors of a?
2, 5
Let y be 15/9 + 218*8/12. Let f = 39 + y. What are the prime factors of f?
2, 3, 31
Let w be (-75)/(-50)*(-8)/(-12). What are the prime factors of (46/(-92))/(w/(-2126))?
1063
Let u(k) = 427*k + 141*k + 32*k + 58*k + 11. List the prime factors of u(1).
3, 223
Let h(i) be the second derivative of 3*i**5/5 - i**4/2 + 5*i**3/6 - 13*i**2/2 + 80*i. What are the prime factors of h(5)?
2, 3, 227
Let u = 17 + -10. Let o(m) = -m**3 + 6*m**2 + 8*m - 4. Let h be o(u). Suppose -y + h = -75. List the prime factors of y.
2, 3, 13
Suppose 7306 = 3*w - 4*u, 34*w + 9724 = 38*w - u. Suppose -5*z = -w - 4330. List the prime factors of z.
2, 13
Let f be 9/(-12) - 19/(-4). Suppose -4*z - 5*w = -49, w = z - 6 - f. Suppose 2*b = 3*k - z, -4*k - 2*b - b + 9 = 0. What are the prime factors of k?
3
List the prime factors of (7 - 4/((-48)/(-31364)))*-3.
2, 5, 17, 23
List the prime factors of 14 + (-7 - -3) - (-22395 - 7).
2, 13, 431
Let q(y) be the second derivative of 13*y + 19/2*y**2 + 0 - 1/6*y**3. What are the prime factors of q(11)?
2
Let l(a) be the third derivative of a**6/120 + 37*a**5/60 + 5*a**4/3 - 29*a**3/2 - 325*a**2. What are the prime factors of l(-34)?
43, 47
List the prime factors of 14337/6 - 2 - (-20 + 74/4).
2389
Let g(n) = 37*n + 78. Let r be g(9). Let j = r - 335. What are the prime factors of j?
2, 19
Suppose -2*o + 3*r + 27868 = 0, -97*r = -2*o - 92*r + 27876. List the prime factors of o.
2, 1741
Let v(x) = 597*x**2 - 40*x - 126. What are the prime factors of v(-5)?
53, 283
List the prime factors of 4650 + (-30 - -23) - -9.
2, 1163
Suppose 2*j - 6 = 0, -7*b = -2*b + 3*j - 44. Suppose -3*u = -b*u + 960. List the prime factors of u.
2, 3, 5
Suppose 7838 = -6*k + 40946. What are the prime factors of k?
2, 31, 89
Suppose 3*n + 6 = -0, -2*z - 4*n - 4 = 0. What are the prime factors of (-56 - -3)/(18/10 - z)?
5, 53
Let v be (11/((-66)/4))/((-6)/9). Let m be (-6 + 10)*v/(-2). List the prime factors of (7/14 - 1)/(m/392).
2, 7
Suppose 7*d + d - 4840 = 0. Let w = d + -1134. Let i = w - -792. List the prime factors of i.
263
What are the prime factors of 71/(497/59892)*((-1 - -6) + -2)?
2, 3, 23, 31
Let n(z) = 114*z - 681. What are the prime factors of n(94)?
3, 5, 223
List the prime factors of 2375514/162 - 6/9.
11, 31, 43
Let f = 606 - 604. Suppose -f*w = -4*p - 5*w + 6347, -4*w = -5*p + 7926. List the prime factors of p.
2, 13, 61
Suppose -4*k = -19 + 3. Suppose -4*w - 3*r = -5*r + 464, 0 = -5*w + k*r - 583. What are the prime factors of (-6)/18 + w/(-3)?
2, 19
Let u(c) = -2*c**2 - c - 16. Let w be u(-14). What are the prime factors of -1*(w/(-3))/((-3)/9)?
2, 197
Let h = -113 - -97. Let u be (-3)/(-12)*h/(-12)*6. Suppose u*d - 564 + 86 = 0. List the prime factors of d.
239
Suppose -32843 + 127701 = 17*o - 148259. List the prime factors of o.
3, 7, 227
Let y be 11/((-44)/(-17821)) - 3/(-4). Sup